
Is 166314555 a multiple of 99?
True
Does 884 divide 21056880?
True
Is 367545 a multiple of 229?
True
Is 140 a factor of 640869051?
False
Does 337 divide 33348172?
True
Is 125 a factor of 192967082?
False
Is 861 a factor of 28005747?
True
Does 962 divide 318084697?
False
Is 39869947 a multiple of 13?
True
Does 33 divide 60669522?
False
Does 166 divide 8243354?
False
Is 1070 a factor of 836945848?
False
Does 39 divide 235174748?
False
Is 2827024 a multiple of 64?
False
Is 3018529952 a multiple of 16?
True
Does 12 divide 1167363072?
True
Is 94 a factor of 493416152?
True
Is 11730544 a multiple of 272?
True
Is 295563725 a multiple of 1111?
False
Is 40438091 a multiple of 528?
False
Is 80131630 a multiple of 703?
False
Is 14663722 a multiple of 53?
True
Does 41 divide 20733563?
False
Is 1017714270 a multiple of 4943?
True
Is 110 a factor of 112396570?
True
Is 187 a factor of 4079592?
True
Does 703 divide 807169134?
True
Is 65 a factor of 81789143?
False
Is 195470081 a multiple of 19?
True
Does 107 divide 2258561500?
False
Is 209 a factor of 35071338?
False
Does 23 divide 1054484726?
True
Is 1125 a factor of 288593322?
False
Does 272 divide 61288307?
False
Does 405 divide 4366975?
False
Is 1744001274 a multiple of 3807?
False
Is 663380739 a multiple of 2?
False
Does 14 divide 13871536?
True
Is 126883268 a multiple of 188?
True
Does 80 divide 130180223?
False
Does 14 divide 107667616?
True
Is 177156992 a multiple of 1827?
False
Is 2571 a factor of 54811147?
False
Is 618 a factor of 265865415?
False
Does 32 divide 74401600?
True
Is 5266 a factor of 788167486?
True
Is 543581077 a multiple of 19?
False
Does 245 divide 73841192?
False
Does 6 divide 4370440?
False
Is 161732497 a multiple of 110?
False
Is 76112392 a multiple of 589?
False
Does 4 divide 1894608?
True
Is 27 a factor of 9151617?
False
Is 26296413 a multiple of 13?
True
Is 13 a factor of 877005173?
False
Does 653 divide 15998061?
False
Does 875 divide 2096589812?
False
Is 735 a factor of 2410527977?
False
Is 392934104 a multiple of 772?
True
Does 60 divide 76892333?
False
Does 428 divide 105948404?
True
Is 228198887 a multiple of 490?
False
Is 565 a factor of 10718050?
True
Is 12054284 a multiple of 15?
False
Does 6 divide 552048561?
False
Is 1765024234 a multiple of 110?
False
Does 5775 divide 439951050?
True
Is 246627802 a multiple of 4940?
False
Does 77 divide 160628426?
False
Is 2649 a factor of 48060807?
True
Is 3255447519 a multiple of 4469?
True
Does 34 divide 532537240?
True
Is 115281115 a multiple of 24?
False
Is 235699424 a multiple of 15?
False
Does 85 divide 78655285?
False
Does 58 divide 6862860?
False
Is 817468403 a multiple of 652?
False
Does 56 divide 460742246?
False
Is 6644526 a multiple of 12?
False
Does 2 divide 663624?
True
Is 29 a factor of 326462309?
True
Is 19 a factor of 2377359458?
True
Is 121818626 a multiple of 46?
True
Is 257 a factor of 24439415?
True
Is 71205672 a multiple of 87?
True
Is 868287 a multiple of 65?
False
Is 23 a factor of 24047433?
False
Is 263772680 a multiple of 82?
True
Is 263476894 a multiple of 102?
False
Is 11040 a factor of 2830661134?
False
Does 6 divide 679069170?
True
Is 858738652 a multiple of 444?
False
Does 3 divide 537443532?
True
Is 1286 a factor of 19744488?
False
Does 19 divide 92313959?
False
Is 1450 a factor of 137051520?
False
Is 181 a factor of 5537611?
False
Does 62 divide 252786896?
True
Does 87 divide 350123578?
False
Is 1477 a factor of 139430179?
False
Is 83892492 a multiple of 1274?
False
Does 137 divide 96295778?
False
Is 319982000 a multiple of 520?
True
Is 310 a factor of 17088440?
True
Does 701 divide 123751035?
True
Is 10846913 a multiple of 108?
False
Is 922437395 a multiple of 7802?
False
Is 46 a factor of 15405095?
False
Does 31 divide 6118005?
True
Does 221 divide 33052859?
False
Is 27580665 a multiple of 35?
True
Is 235 a factor of 2734930?
True
Is 5 a factor of 7471881?
False
Does 5 divide 233738095?
True
Does 186 divide 86906140?
False
Is 516 a factor of 20414556?
False
Does 60 divide 2309483365?
False
Does 155 divide 106254205?
True
Is 273 a factor of 918645?
True
Is 6945912 a multiple of 146?
False
Is 44475123 a multiple of 69?
True
Does 7114 divide 330253222?
True
Is 537 a factor of 1237541739?
True
Is 39616829 a multiple of 687?
False
Is 58 a factor of 13598164?
False
Does 18 divide 1041383603?
False
Is 524582841 a multiple of 59?
False
Does 7 divide 217958445?
False
Is 13 a factor of 1118793?
True
Is 143677688 a multiple of 46?
True
Is 1198102224 a multiple of 8?
True
Is 1125 a factor of 137615081?
False
Is 739 a factor of 12156550?
True
Is 17 a factor of 32975619?
False
Is 281521474 a multiple of 18?
False
Is 19 a factor of 51211318?
False
Is 128 a factor of 396658958?
False
Is 1130 a factor of 335194347?
False
Is 22 a factor of 3087194?
True
Does 10 divide 79850710?
True
Does 1066 divide 3848376194?
True
Is 667406 a multiple of 1073?
True
Is 9562539 a multiple of 397?
True
Is 15 a factor of 2637891?
False
Is 186807951 a multiple of 153?
True
Does 13 divide 66945046?
False
Is 4771065 a multiple of 195?
True
Is 488855136 a multiple of 528?
True
Is 947 a factor of 137254530?
False
Is 8593085 a multiple of 268?
False
Is 227 a factor of 113779?
False
Does 3 divide 887397495?
True
Does 32 divide 1486208?
True
Is 63 a factor of 93804354?
True
Is 86064249 a multiple of 901?
False
Does 312 divide 118896960?
True
Does 237 divide 1371024381?
True
Is 167 a factor of 1902531910?
False
Is 8849808 a multiple of 792?
True
Is 104725456 a multiple of 436?
True
Is 305718822 a multiple of 9?
True
Does 16 divide 57931814?
False
Is 159191079 a multiple of 821?
True
Is 1822 a factor of 203832397?
False
Is 271419880 a multiple of 248?
True
Is 799 a factor of 248395777?
False
Is 489378456 a multiple of 2142?
True
Is 27 a factor of 414558?
True
Is 5 a factor of 660893555?
True
Does 5 divide 296792353?
False
Is 6595 a factor of 51005730?
True
Is 436 a factor of 73898425?
False
Is 1647597016 a multiple of 52?
True
Is 6 a factor of 231943628?
False
Is 4 a factor of 9827353?
False
Is 43 a factor of 2164603875?
True
Is 2648432743 a multiple of 19?
True
Is 10799096 a multiple of 1034?
True
Is 82486027 a multiple of 6?
False
Is 23 a factor of 105794066?
True
Does 392 divide 188626922?
False
Does 7 divide 483790965?
True
Is 2004 a factor of 67408548?
True
Is 658 a factor of 7174832?
True
Is 57251740 a multiple of 182?
True
Is 86 a factor of 57233860?
True
Is 499225957 a multiple of 16?
False
Is 385057996 a multiple of 451?
False
Is 40 a factor of 3134965?
False
Does 18 divide 640922203?
False
Is 7 a factor of 108015289?
False
Is 17 a factor of 15405773?
False
Is 473 a factor of 2644860394?
False
Is 259 a factor of 824079695?
False
Does 33 divide 1515262221?
True
Is 150491973 a multiple of 51?
True
Does 71 divide 626529843?
False
Does 295 divide 1119766310?
True
Is 151741040 a multiple of 114?
False
Does 969 divide 185373576?
True
Is 5049856 a multiple of 112?
True
Is 2321 a factor of 1485754726?
False
Is 4195 a factor of 1164400876?
False
Is 270423221 a multiple of 10?
False
Is 68243144 a multiple of 9?
False
Does 149 divide 40099043?
False
Is 1493947924 a multiple of 1379?
True
Does 35 divide 363688704?
False
Does 2757 divide 153476676?
True
Is 372317591 a multiple of 17?
False
Is 1205001 a multiple of 1851?
True
Is 60604668 a multiple of 1052?
True
Is 391427312 a multiple of 554?
False
Is 1128 a factor of 569328672?
True
Does 12 divide 90279192?
True
Is 1795 a factor of 45894560?
True
Is 4782400 a multiple of 1225?
True
Is 88 a factor of 1630789688?
True
Is 129 a factor of 1889076?
True
Does 12 divide 6213372?
True
Is 77170464 a multiple of 12?
True
Is 3926790359 a multiple of 27?
False
Is 119 a factor of 106562596?
True
Is 172460320 a multiple of 8?
True
Is 1688278790 a multiple of 28?
False
Is 1242893702 a multiple of 19?
True
Is 15092952 a multiple of 4?
True
Is 9913945 a multiple of 255?
False
Is 32 a factor of 18037555?
False
Does 22 divide 577682002?
False
Is 101711648 a multiple of 27?
False
Is 6739 a factor of 199225057?
True
Is 143 a factor of 555165544?
False
Is 12 a factor of 28883236?
False
Is 11 a factor of 1273668446?
False
Does 59 divide 45848221?
False
Is 52 a factor of 23603424?
True
Is 1138 a factor of 82797466?